 r is divided by 25?
22
Let c(t) = 13*t - 26. Let i be c(6). Let z = -46 + i. What is the remainder when (-1)/(-5) + 156/45*z is divided by 12?
9
Let r(h) = -h**3 - 25*h**2 + 300*h - 150. Calculate the remainder when -205*(1 + -1 - 1) is divided by r(-34).
43
Let z be ((-15)/10*3)/(3/(-4)). Suppose -f = -z*f + 75. Suppose 0*t + 4*t = 236. What is the remainder when t is divided by f?
14
Suppose -5*m - 4*l = -2*l - 173, 4*m + 5*l = 152. Let z = 84 - m. What is the remainder when 89 is divided by z?
38
Let m(g) = g**3 - 25*g**2 + 25*g + 31. Suppose -4*j + 15 = -2*q - 27, -5*q = -j + 24. Suppose x - j = 19. Calculate the remainder when m(24) is divided by x.
27
Let y(o) = -o**2 + 33*o + 347. What is the remainder when y(33) is divided by 178?
169
Let c(s) = -152*s**3 + 14*s**2 + 12*s - 1. Let h(p) = 3*p**2 - 2*p + 3. What is the remainder when c(-1) is divided by h(4)?
24
Suppose -5*w + 42*w + 2960 = 0. What is the remainder when (-200)/(-15)*(-15)/w*4 is divided by (4/6)/(2/18)?
4
Suppose 33*o = -23*o + 4704. Let y(w) = 2*w + 3. Suppose 3*n - 2*h - 29 = 0, n + 2*h = -0*h - 1. Calculate the remainder when o is divided by y(n).
16
Suppose 15 = -5*l + 260. Suppose 21*q - 5*p = 16*q + 40, p = 5*q - 24. What is the remainder when (-2)/(q/(-22)) - (l + -51) is divided by 4?
1
Let i(t) = -6*t + 5. Let c be i(-5). Let k = c - -23. Let f = -97 + 117. Calculate the remainder when k is divided by f.
18
Suppose -4*j - 176 = -5*r, -4*j + r - 4*r - 144 = 0. Let g = j + 45. What is the remainder when 12 is divided by ((-14)/g)/(7 - 66/9)?
5
Let j = 1060 + -1052. Calculate the remainder when 175 is divided by j.
7
Let b be 994/5 - (40/25)/(-8). Let v = -178 + b. Calculate the remainder when 50 is divided by v.
8
What is the remainder when ((-6)/9)/(7/(-1092)) is divided by ((-2)/4)/((-2)/72)?
14
Suppose -638 = 23*x - 868. What is the remainder when 819 is divided by x?
9
Let m(n) = -16*n - 46. Let s be m(-4). Let p = s + -19. Calculate the remainder when 58 is divided by (p + 16)/(-1 - -2).
13
Let o = 70364 + -70269. Suppose 4*x - 2*x - 48 = 0. Calculate the remainder when o is divided by x.
23
Suppose 0 = -3*y + z + 201, -220*z = -4*y - 223*z + 294. Calculate the remainder when 1921 is divided by y.
58
Suppose 2*h - 26 = -2*a, 3*a = 14*h - 10*h - 38. Calculate the remainder when 20/2*h - (1 + 2) is divided by 12.
11
Let n = -50006 - -50032. Let u(j) = j**2 + 2*j - 6. Calculate the remainder when u(-8) is divided by n.
16
Suppose -1026*z = -1014*z - 18216. What is the remainder when z is divided by 119?
90
Suppose -4 = -3*r + 5, i = -2*r + 11. Let w = 299 - 299. Suppose 36 = 3*u - w*u + 3*v, 0 = -i*u - v + 40. Calculate the remainder when 81 is divided by u.
4
Let s = 4087 + -3977. What is the remainder when s is divided by 8?
6
Let c = 37149 + -37078. Let z = -27 - -1. Let g = 50 + z. Calculate the remainder when c is divided by g.
23
Let d be 3168 + (8 + -14 - -8). What is the remainder when (-2 - (-16)/20)/((-4)/d) is divided by 53?
50
Let c = -26623 + 26691. What is the remainder when c is divided by 54?
14
Suppose -n = 4*t - 6, 0*n + 13*t = 5*n - 63. What is the remainder when 3911 is divided by n?
1
Let j(k) = -5*k + 4. Let g be -4*(6/45 - 109/30). Suppose -5*x + g = 2*f, f + x + 15 = 4*x. Calculate the remainder when 36 is divided by j(f).
17
Let p = 691 - 708. Let z(b) = -b**3 - 16*b**2 + 78. Calculate the remainder when z(p) is divided by 46.
45
Let i = -446 - -500. What is the remainder when 4697 is divided by i?
53
Let s = 323 - 285. Suppose -50*b = -s*b - 444. Calculate the remainder when b is divided by 19 - (-1 + 3)/(-1).
16
Let j = -2830 + 2843. Calculate the remainder when 91 is divided by j.
0
Suppose 4 = 24*p - 26*p, -f - p = 157. Let z = f - -296. Calculate the remainder when z is divided by 18.
15
Let h(n) = 4*n + 10. Let m be h(11). Suppose w - 2*c - m = 0, -4*w - 3*c + 50 = -122. Calculate the remainder when 124 is divided by w.
32
Let m = -2950 - -4440. Suppose -2*v + 1190 = g + 3*g, 5*g = -5*v + m. Calculate the remainder when g is divided by 6.
3
Let a be 0*(-1)/4 + 4*1. Suppose 2*h = -a*s + 10, 4*h - 20 = -0*h - s. Calculate the remainder when 22 is divided by h.
2
Let t = -198 + 215. Suppose -2*j + 4 = 0, 3*w - 5*j - 10 = -2*w. What is the remainder when t is divided by w?
1
Let h = 3356 - 3227. Calculate the remainder when 2964 is divided by h.
126
Let q = -2315 + 2341. What is the remainder when 175 is divided by q?
19
Let g be (174/4)/(21/28). Calculate the remainder when 120 is divided by -2 + g - 36/(-6).
58
Suppose -639 = -16*d + 2*t + 321, 2*d + 5*t - 120 = 0. Calculate the remainder when 353 is divided by d.
53
Suppose -4*c + 5*p + 300 = 0, 5*p + 105 = 2754*c - 2753*c. Calculate the remainder when c is divided by 34.
31
Let p = 395 + -391. What is the remainder when 295 is divided by 1180/44 + p/22?
25
Suppose -210 = -2*l - 66. Suppose 5*n - l = 118. Calculate the remainder when 110 is divided by n.
34
Calculate the remainder when 40*4 - (342/36 - 15/6) is divided by 61.
31
Suppose 5*m + 5*q - 260 = -40, 4*q + 238 = 5*m. Calculate the remainder when 28600/90 + (-2)/(-9) is divided by m.
42
Suppose -2*v + o = -328, -v + 10*o - 7*o + 169 = 0. Let t = v - 159. Calculate the remainder when 11 is divided by t.
3
Let o(f) = -f - 1. Let v(s) = -s - 2. Let g(d) = -10*o(d) + 6*v(d). Let l be g(0). What is the remainder when 51/l*(-14)/21 is divided by 5?
2
Calculate the remainder when 427 is divided by ((-155)/4)/(3/(-12)) - (1961 - 1954).
131
Let l = 1 - -2. Suppose -l*m + 26 = -31. Calculate the remainder when 34 is divided by m.
15
Let v(l) = l**3 + 15*l**2 + 12*l + 52. Let w be v(-8). Let g = w + -396. What is the remainder when 19 is divided by g?
3
Suppose 59 + 46 = 5*q + 5*b, 4*q = -b + 69. Let n(z) = -2*z**2 - 39*z + 167. Calculate the remainder when n(-17) is divided by q.
12
Suppose 2*z - 7 - 15 = 0. Suppose 4*b + f - 22 = 1, -f = -3*b + 12. Suppose 2*h = s - 3*h - 74, 5*s - 310 = -b*h. What is the remainder when s is divided by z?
9
Let v(z) = z**2 - 3*z - 7. Let n be (1 + (-6)/(-4))*-2. Suppose -32*a - 5*q - 23 = -36*a, 20*a + 5*q = 145. What is the remainder when v(n) is divided by a?
5
Suppose 7*h - 1440 = 3*h + 3*k, 4*k = -5*h + 1769. Let a = h - 304. What is the remainder when 263 is divided by a?
51
Suppose -p - 5*p = -138. Suppose -140 = 50*b - 440. Calculate the remainder when p is divided by b.
5
Let q(g) = -g**3 - 13*g**2 - 41*g. What is the remainder when 39 is divided by q(-8)?
7
Suppose 10*w - 100800 = -15*w. Calculate the remainder when w is divided by 109.
108
Let h(a) = -28 + 34*a - 25*a - 49. What is the remainder when h(18) is divided by -4*(0 + 33/(-6))?
19
Let d be (24/(-3))/(-4) + 84. Suppose 77*n + 279 = d*n. Suppose -g = 4*v + 3, -10 = 2*g - 5*v - 43. What is the remainder when n is divided by g?
4
What is the remainder when 11294 is divided by (5070/(-104))/65 + (-1150)/(-8)?
140
Suppose -55*n = -52*n - 63. Suppose 45*s - n = 38*s. What is the remainder when 284/s*((-165)/(-10))/11 is divided by 29?
26
Suppose 17*z - 21*z = 12, -2*z - 14 = -q. What is the remainder when 3133 is divided by q?
5
Suppose -63 = 2*k - k. What is the remainder when (-2394)/84*(-8)/2 is divided by k/(-5) + (-8)/(-20)?
10
Let c(o) = 4*o + 61. Suppose -5*l = f - 245, 5*l - 10*f + 8*f - 245 = 0. What is the remainder when l is divided by c(-10)?
7
Suppose 17*n = 22*n + 3*g - 565, -5*n + 2*g = -540. Let l(q) = -q + 2. Calculate the remainder when n is divided by l(-11).
6
Calculate the remainder when 152 is divided by ((-2338)/(-49) - -1) + (-2)/(-7).
5
Let q(y) = y**2 + 3*y - 1. Let o be q(-4). Let d be (60/(-4))/o - -1. Calculate the remainder when 46 is divided by (-2)/d + (-156)/(-24).
4
Suppose 0 = 23*m - 11*m - 192. What is the remainder when 46 is divided by (147/14 + -11)*m/(-2)?
2
Suppose 2*s = 4*u + 310, 4*u - 160 = -s + 7*u. Suppose 2*c - 19 = -5*z + 4*z, -c + 83 = 4*z. What is the remainder when s is divided by z?
19
Let d be 5*(-4)/100*-75. Calculate the remainder when 40 is divided by d/(-3) + 4 + 10 + -1.
0
Let k = 4357 - 7417. What is the remainder when k/54*12/(-5) is divided by 14?
10
Suppose -2*i - 33 = -135. Suppose 3*y - 240 + 641 = -2*a, -2*y - 202 = a. What is the remainder when 8 + (6 - 8 - a) is div